{"id":185,"date":"2014-07-21T16:27:21","date_gmt":"2014-07-21T15:27:21","guid":{"rendered":"https:\/\/finedata.cz\/?page_id=185"},"modified":"2015-09-01T13:22:16","modified_gmt":"2015-09-01T12:22:16","slug":"o-spolecnosti","status":"publish","type":"page","link":"https:\/\/www.finedata.cz\/?page_id=185","title":{"rendered":"O spole\u010dnosti"},"content":{"rendered":"<div class=\"x70\">\n<h1 class=\"tAlign\">O spole\u010dnosti<\/h1>\n<p><img loading=\"lazy\" decoding=\"async\" class=\"alignright wp-image-351 size-medium pad3\" src=\"http:\/\/finedata.cz\/wp-content\/uploads\/2014\/07\/foto-300x138.jpg\" alt=\"foto\" width=\"300\" height=\"138\" srcset=\"https:\/\/finedata.cz\/wp-content\/uploads\/2014\/07\/foto-300x138.jpg 300w, https:\/\/finedata.cz\/wp-content\/uploads\/2014\/07\/foto-1024x470.jpg 1024w, https:\/\/finedata.cz\/wp-content\/uploads\/2014\/07\/foto-500x230.jpg 500w, https:\/\/finedata.cz\/wp-content\/uploads\/2014\/07\/foto.jpg 1220w\" sizes=\"auto, (max-width: 300px) 100vw, 300px\" \/><\/p>\n<p>FineData s.r.o. vznikla jako ryze \u010desk\u00e1 spole\u010dnost. Navazuje na dlouholetou zku\u0161enost sv\u00fdch zakladatel\u016f v IT oboru a snahu poskytnout maxim\u00e1ln\u00ed kvalitu slu\u017eeb. Od za\u010d\u00e1tku jsme zam\u011b\u0159eni na spr\u00e1vu a \u0159\u00edzen\u00ed informa\u010dn\u00edch a telekomunika\u010dn\u00edch technologi\u00ed na\u0161ich z\u00e1kazn\u00edk\u016f. Umo\u017en\u00edme klientovi, aby se mohl pln\u011b v\u011bnovat sv\u00e9 hlavn\u00ed \u010dinnost a starost o IT nech\u00e1 na n\u00e1s. Hled\u00e1me v\u017edy nejoptim\u00e1ln\u011bj\u0161\u00ed \u0159e\u0161en\u00ed z hlediska kvality a hodnoty pro z\u00e1kazn\u00edka. Na\u0161imi z\u00e1kazn\u00edky jsou p\u0159ev\u00e1\u017en\u011b men\u0161\u00ed a st\u0159edn\u00ed v\u00fdrobn\u00ed i obchodn\u00ed firmy, \u00fa\u010detn\u00ed, pr\u00e1vn\u00ed a not\u00e1\u0159sk\u00e9 kancel\u00e1\u0159e. Zakl\u00e1d\u00e1me si na budov\u00e1n\u00ed dlouhodob\u00fdch\u00a0obchodn\u00edch vztah\u016f, kter\u00e9 n\u00e1m umo\u017e\u0148uj\u00ed do hloubky rozum\u011bt pot\u0159eb\u00e1m i technologi\u00edm na\u0161ich z\u00e1kazn\u00edk\u016f.Technici FineData s.r.o. jsou pravideln\u011b \u0161kolen\u00ed v nov\u00fdch technologi\u00edch. Jsme dr\u017eiteli certifik\u00e1t\u016f firem Microsoft, Eset, Altaro, Zyxel. Nab\u00edz\u00edme dod\u00e1vky hardware a software, kompletn\u00ed slu\u017ebu spr\u00e1vy Va\u0161\u00ed informatiky (outsourcing), bezpe\u010dnostn\u00ed poradenstv\u00ed, tvorbu webov\u00fdch prezentac\u00ed.<\/p>\n<\/div>\n<div class=\"x30\">\n<h1 class=\"tAlign\">Obchodn\u00ed informace<\/h1>\n<ul>N\u00e1zev subjektu:<\/p>\n<li><strong>FineData s.r.o.<\/strong><\/li>\n<\/ul>\n<ul>Identifika\u010dn\u00ed \u010d\u00edslo:<\/p>\n<li><strong>27593363<\/strong><\/li>\n<\/ul>\n<ul>Spisov\u00e1 zna\u010dka:<\/p>\n<li><strong>C 113187\u00a0veden\u00e1\u00a0u M\u011bstsk\u00e9ho soudu v Praze<\/strong><\/li>\n<\/ul>\n<ul>Den z\u00e1pisu:<\/p>\n<li><strong>04.09.2006<\/strong><\/li>\n<\/ul>\n<ul>S\u00eddlo:<\/p>\n<li><strong>Praha 4 &#8211; Komo\u0159any, Pod lesem 2119\/7,\u00a0PS\u010c\u00a0143\u00a000<\/strong><\/li>\n<\/ul>\n<\/div>\n<div class=\"spacer\"><\/div>\n","protected":false},"excerpt":{"rendered":"<p>O spole\u010dnosti FineData s.r.o. vznikla jako ryze \u010desk\u00e1 spole\u010dnost. Navazuje na dlouholetou zku\u0161enost sv\u00fdch zakladatel\u016f v IT oboru a snahu poskytnout maxim\u00e1ln\u00ed kvalitu slu\u017eeb. Od za\u010d\u00e1tku jsme zam\u011b\u0159eni na spr\u00e1vu a \u0159\u00edzen\u00ed informa\u010dn\u00edch a telekomunika\u010dn\u00edch technologi\u00ed na\u0161ich z\u00e1kazn\u00edk\u016f. Umo\u017en\u00edme klientovi, &hellip; <a href=\"https:\/\/www.finedata.cz\/?page_id=185\">Continue reading <span class=\"meta-nav\">&rarr;<\/span><\/a><\/p>\n","protected":false},"author":2,"featured_media":0,"parent":0,"menu_order":0,"comment_status":"open","ping_status":"open","template":"page-aboutus.php","meta":{"footnotes":""},"class_list":["post-185","page","type-page","status-publish","hentry"],"yoast_head":"<!-- This site is optimized with the Yoast SEO plugin v27.3 - https:\/\/yoast.com\/product\/yoast-seo-wordpress\/ -->\n<title>O spole\u010dnosti - FineData s.r.o.<\/title>\n<meta name=\"description\" content=\"O spole\u010dnosti Finedata s.r.o.\" \/>\n<meta name=\"robots\" content=\"index, follow, max-snippet:-1, max-image-preview:large, max-video-preview:-1\" \/>\n<link rel=\"canonical\" href=\"https:\/\/www.finedata.cz\/?page_id=185\" \/>\n<meta property=\"og:locale\" content=\"en_US\" \/>\n<meta property=\"og:type\" content=\"article\" \/>\n<meta property=\"og:title\" content=\"O spole\u010dnosti - FineData s.r.o.\" \/>\n<meta property=\"og:description\" content=\"O spole\u010dnosti Finedata s.r.o.\" \/>\n<meta property=\"og:url\" content=\"https:\/\/www.finedata.cz\/?page_id=185\" \/>\n<meta property=\"og:site_name\" content=\"FineData s.r.o.\" \/>\n<meta property=\"article:modified_time\" content=\"2015-09-01T12:22:16+00:00\" \/>\n<meta property=\"og:image\" content=\"http:\/\/finedata.cz\/wp-content\/uploads\/2014\/07\/foto-300x138.jpg\" \/>\n<meta name=\"twitter:card\" content=\"summary_large_image\" \/>\n<meta name=\"twitter:label1\" content=\"Est. reading time\" \/>\n\t<meta name=\"twitter:data1\" content=\"1 minute\" \/>\n<script type=\"application\/ld+json\" class=\"yoast-schema-graph\">{\"@context\":\"https:\\\/\\\/schema.org\",\"@graph\":[{\"@type\":\"WebPage\",\"@id\":\"https:\\\/\\\/www.finedata.cz\\\/?page_id=185\",\"url\":\"https:\\\/\\\/www.finedata.cz\\\/?page_id=185\",\"name\":\"O spole\u010dnosti - FineData s.r.o.\",\"isPartOf\":{\"@id\":\"https:\\\/\\\/www.finedata.cz\\\/#website\"},\"primaryImageOfPage\":{\"@id\":\"https:\\\/\\\/www.finedata.cz\\\/?page_id=185#primaryimage\"},\"image\":{\"@id\":\"https:\\\/\\\/www.finedata.cz\\\/?page_id=185#primaryimage\"},\"thumbnailUrl\":\"http:\\\/\\\/finedata.cz\\\/wp-content\\\/uploads\\\/2014\\\/07\\\/foto-300x138.jpg\",\"datePublished\":\"2014-07-21T15:27:21+00:00\",\"dateModified\":\"2015-09-01T12:22:16+00:00\",\"description\":\"O spole\u010dnosti Finedata s.r.o.\",\"breadcrumb\":{\"@id\":\"https:\\\/\\\/www.finedata.cz\\\/?page_id=185#breadcrumb\"},\"inLanguage\":\"en-US\",\"potentialAction\":[{\"@type\":\"ReadAction\",\"target\":[\"https:\\\/\\\/www.finedata.cz\\\/?page_id=185\"]}]},{\"@type\":\"ImageObject\",\"inLanguage\":\"en-US\",\"@id\":\"https:\\\/\\\/www.finedata.cz\\\/?page_id=185#primaryimage\",\"url\":\"http:\\\/\\\/finedata.cz\\\/wp-content\\\/uploads\\\/2014\\\/07\\\/foto-300x138.jpg\",\"contentUrl\":\"http:\\\/\\\/finedata.cz\\\/wp-content\\\/uploads\\\/2014\\\/07\\\/foto-300x138.jpg\"},{\"@type\":\"BreadcrumbList\",\"@id\":\"https:\\\/\\\/www.finedata.cz\\\/?page_id=185#breadcrumb\",\"itemListElement\":[{\"@type\":\"ListItem\",\"position\":1,\"name\":\"Dom\u016f\",\"item\":\"https:\\\/\\\/www.finedata.cz\\\/\"},{\"@type\":\"ListItem\",\"position\":2,\"name\":\"O spole\u010dnosti\"}]},{\"@type\":\"WebSite\",\"@id\":\"https:\\\/\\\/www.finedata.cz\\\/#website\",\"url\":\"https:\\\/\\\/www.finedata.cz\\\/\",\"name\":\"FineData s.r.o.\",\"description\":\"spr\u00e1va s\u00edt\u00ed, konzultace v IT, prodej HW a SW\",\"potentialAction\":[{\"@type\":\"SearchAction\",\"target\":{\"@type\":\"EntryPoint\",\"urlTemplate\":\"https:\\\/\\\/www.finedata.cz\\\/?s={search_term_string}\"},\"query-input\":{\"@type\":\"PropertyValueSpecification\",\"valueRequired\":true,\"valueName\":\"search_term_string\"}}],\"inLanguage\":\"en-US\"}]}<\/script>\n<!-- \/ Yoast SEO plugin. -->","yoast_head_json":{"title":"O spole\u010dnosti - FineData s.r.o.","description":"O spole\u010dnosti Finedata s.r.o.","robots":{"index":"index","follow":"follow","max-snippet":"max-snippet:-1","max-image-preview":"max-image-preview:large","max-video-preview":"max-video-preview:-1"},"canonical":"https:\/\/www.finedata.cz\/?page_id=185","og_locale":"en_US","og_type":"article","og_title":"O spole\u010dnosti - FineData s.r.o.","og_description":"O spole\u010dnosti Finedata s.r.o.","og_url":"https:\/\/www.finedata.cz\/?page_id=185","og_site_name":"FineData s.r.o.","article_modified_time":"2015-09-01T12:22:16+00:00","og_image":[{"url":"http:\/\/finedata.cz\/wp-content\/uploads\/2014\/07\/foto-300x138.jpg","type":"","width":"","height":""}],"twitter_card":"summary_large_image","twitter_misc":{"Est. reading time":"1 minute"},"schema":{"@context":"https:\/\/schema.org","@graph":[{"@type":"WebPage","@id":"https:\/\/www.finedata.cz\/?page_id=185","url":"https:\/\/www.finedata.cz\/?page_id=185","name":"O spole\u010dnosti - FineData s.r.o.","isPartOf":{"@id":"https:\/\/www.finedata.cz\/#website"},"primaryImageOfPage":{"@id":"https:\/\/www.finedata.cz\/?page_id=185#primaryimage"},"image":{"@id":"https:\/\/www.finedata.cz\/?page_id=185#primaryimage"},"thumbnailUrl":"http:\/\/finedata.cz\/wp-content\/uploads\/2014\/07\/foto-300x138.jpg","datePublished":"2014-07-21T15:27:21+00:00","dateModified":"2015-09-01T12:22:16+00:00","description":"O spole\u010dnosti Finedata s.r.o.","breadcrumb":{"@id":"https:\/\/www.finedata.cz\/?page_id=185#breadcrumb"},"inLanguage":"en-US","potentialAction":[{"@type":"ReadAction","target":["https:\/\/www.finedata.cz\/?page_id=185"]}]},{"@type":"ImageObject","inLanguage":"en-US","@id":"https:\/\/www.finedata.cz\/?page_id=185#primaryimage","url":"http:\/\/finedata.cz\/wp-content\/uploads\/2014\/07\/foto-300x138.jpg","contentUrl":"http:\/\/finedata.cz\/wp-content\/uploads\/2014\/07\/foto-300x138.jpg"},{"@type":"BreadcrumbList","@id":"https:\/\/www.finedata.cz\/?page_id=185#breadcrumb","itemListElement":[{"@type":"ListItem","position":1,"name":"Dom\u016f","item":"https:\/\/www.finedata.cz\/"},{"@type":"ListItem","position":2,"name":"O spole\u010dnosti"}]},{"@type":"WebSite","@id":"https:\/\/www.finedata.cz\/#website","url":"https:\/\/www.finedata.cz\/","name":"FineData s.r.o.","description":"spr\u00e1va s\u00edt\u00ed, konzultace v IT, prodej HW a SW","potentialAction":[{"@type":"SearchAction","target":{"@type":"EntryPoint","urlTemplate":"https:\/\/www.finedata.cz\/?s={search_term_string}"},"query-input":{"@type":"PropertyValueSpecification","valueRequired":true,"valueName":"search_term_string"}}],"inLanguage":"en-US"}]}},"_links":{"self":[{"href":"https:\/\/www.finedata.cz\/index.php?rest_route=\/wp\/v2\/pages\/185","targetHints":{"allow":["GET"]}}],"collection":[{"href":"https:\/\/www.finedata.cz\/index.php?rest_route=\/wp\/v2\/pages"}],"about":[{"href":"https:\/\/www.finedata.cz\/index.php?rest_route=\/wp\/v2\/types\/page"}],"author":[{"embeddable":true,"href":"https:\/\/www.finedata.cz\/index.php?rest_route=\/wp\/v2\/users\/2"}],"replies":[{"embeddable":true,"href":"https:\/\/www.finedata.cz\/index.php?rest_route=%2Fwp%2Fv2%2Fcomments&post=185"}],"version-history":[{"count":18,"href":"https:\/\/www.finedata.cz\/index.php?rest_route=\/wp\/v2\/pages\/185\/revisions"}],"predecessor-version":[{"id":366,"href":"https:\/\/www.finedata.cz\/index.php?rest_route=\/wp\/v2\/pages\/185\/revisions\/366"}],"wp:attachment":[{"href":"https:\/\/www.finedata.cz\/index.php?rest_route=%2Fwp%2Fv2%2Fmedia&parent=185"}],"curies":[{"name":"wp","href":"https:\/\/api.w.org\/{rel}","templated":true}]}}